{"id":565,"date":"2024-04-28T20:44:45","date_gmt":"2024-04-28T19:44:45","guid":{"rendered":"https:\/\/www.avopro.ca\/avocat\/?page_id=565"},"modified":"2024-10-21T00:50:34","modified_gmt":"2024-10-20T23:50:34","slug":"avopro","status":"publish","type":"page","link":"https:\/\/www.avopro.ca\/avocat\/","title":{"rendered":"Avocat et avocate par ville"},"content":{"rendered":"\n<div style=\"height:69px\" aria-hidden=\"true\" class=\"wp-block-spacer\"><\/div>\n\n\n\n<div class=\"wp-block-columns is-layout-flex wp-container-core-columns-is-layout-1 wp-block-columns-is-layout-flex\">\n<div class=\"wp-block-column is-layout-flow wp-block-column-is-layout-flow\" style=\"flex-basis:33.33%\">\n<figure class=\"wp-block-image size-full\"><img loading=\"lazy\" decoding=\"async\" width=\"320\" height=\"222\" src=\"https:\/\/www.avopro.ca\/avocat\/wp-content\/uploads\/2016\/06\/avocat-achat-entreprise.jpg\" alt=\"avocat achat entreprise\" class=\"wp-image-465\" srcset=\"https:\/\/www.avopro.ca\/avocat\/wp-content\/uploads\/2016\/06\/avocat-achat-entreprise.jpg 320w, https:\/\/www.avopro.ca\/avocat\/wp-content\/uploads\/2016\/06\/avocat-achat-entreprise-300x208.jpg 300w\" sizes=\"(max-width: 320px) 100vw, 320px\" \/><\/figure>\n<\/div>\n\n\n\n<div class=\"wp-block-column is-layout-flow wp-block-column-is-layout-flow\" style=\"flex-basis:66.66%\">\n<h1 class=\"wp-block-heading\">Avocat et avocate par ville<\/h1>\n\n\n\n<p>Trouvez les coordonn\u00e9es des avocats sp\u00e9cialis\u00e9s dans diff\u00e9rents domaines d\u2019expertise. En cliquant sur l\u2019une des localit\u00e9s de cette liste, vous pourrez voir si un avocat offre des services correspondant \u00e0 ce que vous recherchez.<\/p>\n\n\n\n<p>Vous pourrez ainsi contacter l\u2019avocat qui correspond au mieux \u00e0 ce que vous recherchez. Vous serez en mesure de communiquer rapidement et simplement avec un cabinet offrant ses services dans votre municipalit\u00e9.<\/p>\n<\/div>\n<\/div>\n\n\n\n<div style=\"height:100px\" aria-hidden=\"true\" class=\"wp-block-spacer\"><\/div>\n\n\n\n<div class=\"wp-block-columns is-layout-flex wp-container-core-columns-is-layout-2 wp-block-columns-is-layout-flex\">\n<div class=\"wp-block-column is-layout-flow wp-block-column-is-layout-flow\">\n<h2 class=\"wp-block-heading has-text-align-center\">Pour un avocat dans votre r\u00e9gion<\/h2>\n<\/div>\n<\/div>\n\n\n\n<div>\n<ul class=\"liste-ville\">\n<li><a title=\"avocat Ahuntsic\" href=\"\/avocat\/ahuntsic\/\">Ahuntsic<\/a><\/li>\n<li><a title=\"avocat Anjou\" href=\"\/avocat\/anjou\/\">Anjou<\/a><\/li>\n<li><a title=\"avocat Beloeil\" href=\"\/avocat\/beloeil\/\">Beloeil<\/a><\/li>\n\n<li><a title=\"avocat Blainville\" href=\"\/avocat\/blainville\/\">Blainville<\/a><\/li>\n<li><a title=\"avocat Boisbriand\" href=\"\/avocat\/boisbriand\/\">Boisbriand<\/a><\/li>\n<li><a title=\"avocat Boucherville\" href=\"\/avocat\/boucherville\/\">Boucherville<\/a><\/li>\n<li><a title=\"avocat Brossard\" href=\"\/avocat\/brossard\/\">Brossard<\/a><\/li>\n\n<li><a title=\"avocat Candiac\" href=\"\/avocat\/candiac\/\">Candiac<\/a><\/li>\n<li><a title=\"avocat Carignan\" href=\"\/avocat\/carignan\/\">Carignan<\/a><\/li>\n<li><a title=\"avocat Chambly\" href=\"\/avocat\/chambly\/\">Chambly<\/a><\/li>\n\n<li><a title=\"avocat Delson\" href=\"\/avocat\/delson\/\">Delson<\/a><\/li>\n\n\n<li><a title=\"avocat Drummondville\" href=\"\/avocat\/drummondville\/\">Drummondville<\/a><\/li>\n<li><a title=\"avocat Granby\" href=\"\/avocat\/granby\/\">Granby<\/a><\/li>\n<li><a title=\"avocat Hochelaga\" href=\"\/avocat\/hochelaga\/\">Hochelaga<\/a><\/li>\n<li><a title=\"avocat Ile-des-Soeurs\" href=\"\/avocat\/ile-des-soeurs\/\">Ile-des-Soeurs<\/a><\/li>\n<li><a title=\"avocat Kirkland\" href=\"\/avocat\/kirkland\/\">Kirkland<\/a><\/li>\n\n<li><a title=\"avocat L'Assomption\" href=\"\/avocat\/lassomption\/\">L\u2019Assomption<\/a><\/li>\n<li><a title=\"avocat La Prairie\" href=\"\/avocat\/la-prairie\/\">La Prairie<\/a><\/li>\n\n<li><a title=\"avocat Lachine\" href=\"\/avocat\/lachine\/\">Lachine<\/a><\/li>\n<li><a title=\"avocat Lachute\" href=\"\/avocat\/lachute\/\">Lachute<\/a><\/li>\n\n<li><a title=\"avocat LaSalle\" href=\"\/avocat\/lasalle\/\">LaSalle<\/a><\/li>\n<li><a title=\"avocat Laval\" href=\"\/avocat\/laval\/\">Laval<\/a><\/li>\n\n<li><a title=\"avocat L\u00e9vis\" href=\"\/avocat\/levis\/\">L\u00e9vis<\/a><\/li>\n<li><a title=\"avocat Longueuil\" href=\"\/avocat\/longueuil\/\">Longueuil<\/a><\/li>\n\n<li><a title=\"avocat Magog\" href=\"\/avocat\/magog\/\">Magog<\/a><\/li>\n<li><a title=\"avocat Mascouche\" href=\"\/avocat\/mascouche\/\">Mascouche<\/a><\/li>\n\n<li><a title=\"avocat Mirabel\" href=\"\/avocat\/mirabel\/\">Mirabel<\/a><\/li>\n\n<li><a title=\"avocat Montr\u00e9al\" href=\"\/avocat\/montreal\/\">Montr\u00e9al<\/a><\/li>\n\n\n<li><a title=\"avocat Outremont\" href=\"\/avocat\/outremont\/\">Outremont<\/a><\/li>\n<li><a title=\"avocat Plateau-Mont-Royal\" href=\"\/avocat\/plateau-mont-royal\/\">Plateau-Mont-Royal<\/a><\/li>\n\n<li><a title=\"avocat Pointe-aux-Trembles\" href=\"\/avocat\/pointe-aux-trembles\/\">Pointe-aux-Trembles<\/a><\/li>\n<li><a title=\"avocat Pointe-Calumet\" href=\"\/avocat\/pointe-calumet\/\">Pointe-Calumet<\/a><\/li>\n<li><a title=\"avocat Pointe-Claire\" href=\"\/avocat\/pointe-claire\/\">Pointe-Claire<\/a><\/li>\n\n\n\n<li><a title=\"avocat Qu\u00e9bec\" href=\"\/avocat\/quebec\/\">Qu\u00e9bec<\/a><\/li>\n<li><a title=\"avocat Repentigny\" href=\"\/avocat\/repentigny\/\">Repentigny<\/a><\/li>\n\n\n<li><a title=\"avocat Rimouski\" href=\"\/avocat\/rimouski\/\">Rimouski<\/a><\/li>\n\n<li><a title=\"avocat Rosem\u00e8re\" href=\"\/avocat\/rosemere\/\">Rosem\u00e8re<\/a><\/li>\n\n<li><a title=\"avocat Rosemont\" href=\"\/avocat\/rosemont\/\">Rosemont<\/a><\/li>\n<li><a title=\"avocat Roxboro\" href=\"\/avocat\/roxboro\/\">Roxboro<\/a><\/li>\n\n\n<li><a title=\"avocat Saint-Bruno\" href=\"\/avocat\/saint-bruno\/\">Saint-Bruno<\/a><\/li>\n<li><a title=\"avocat Saint-Calixte\" href=\"\/avocat\/saint-calixte\/\">Saint-Calixte<\/a><\/li>\n\n<li><a title=\"avocat Saint-Constant\" href=\"\/avocat\/saint-constant\/\">Saint-Constant<\/a><\/li>\n\n<li><a title=\"avocat Saint-Eustache\" href=\"\/avocat\/saint-eustache\/\">Saint-Eustache<\/a><\/li>\n\n<li><a title=\"avocat Saint-Henri\" href=\"\/avocat\/saint-henri\/\">Saint-Henri<\/a><\/li>\n<li><a title=\"avocat Saint-Hubert\" href=\"\/avocat\/saint-hubert\/\">Saint-Hubert<\/a><\/li>\n<li><a title=\"avocat Saint-Jean-sur-Richelieu\" href=\"\/avocat\/saint-jean-sur-richelieu\/\">Saint-Jean-sur-Richelieu<\/a><\/li>\n\n<li><a title=\"avocat Saint-J\u00e9r\u00f4me\" href=\"\/avocat\/saint-jerome\/\">Saint-J\u00e9r\u00f4me<\/a><\/li>\n<li><a title=\"avocat Saint-Lambert\" href=\"\/avocat\/saint-lambert\/\">Saint-Lambert<\/a><\/li>\n<li><a title=\"avocat Saint-Laurent\" href=\"\/avocat\/saint-laurent\/\">Saint-Laurent<\/a><\/li>\n\n<li><a title=\"avocat Saint-L\u00e9onard\" href=\"\/avocat\/saint-leonard\/\">Saint-L\u00e9onard<\/a><\/li>\n\n<li><a title=\"avocat Saint-Michel\" href=\"\/avocat\/saint-michel\/\">Saint-Michel<\/a><\/li>\n\n\n\n<li><a title=\"avocat Sainte-Catherine\" href=\"\/avocat\/sainte-catherine\/\">Sainte-Catherine<\/a><\/li>\n<li><a title=\"avocat Sainte-Julie\" href=\"\/avocat\/sainte-julie\/\">Sainte-Julie<\/a><\/li>\n\n<li><a title=\"avocat Sainte-Th\u00e9r\u00e8se\" href=\"\/avocat\/sainte-therese\/\">Sainte-Th\u00e9r\u00e8se<\/a><\/li>\n\n<li><a title=\"avocat Shawinigan\" href=\"\/avocat\/shawinigan\/\">Shawinigan<\/a><\/li>\n<li><a title=\"avocat Sherbrooke\" href=\"\/avocat\/sherbrooke\/\">Sherbrooke<\/a><\/li>\n\n<li><a title=\"avocat Sorel-Tracy\" href=\"\/avocat\/sorel-tracy\/\">Sorel-Tracy<\/a><\/li>\n\n<li><a title=\"avocat Terrebonne\" href=\"\/avocat\/terrebonne\/\">Terrebonne<\/a><\/li>\n<li><a title=\"avocat Thetford Mines\" href=\"\/avocat\/thetford-mines\/\">Thetford Mines<\/a><\/li>\n\n<li><a title=\"avocat Trois-Rivi\u00e8res\" href=\"\/avocat\/trois-rivieres\/\">Trois-Rivi\u00e8res<\/a><\/li>\n\n<li><a title=\"avocat Varennes\" href=\"\/avocat\/varennes\/\">Varennes<\/a><\/li>\n<li><a title=\"avocat Verch\u00e8res\" href=\"\/avocat\/vercheres\/\">Verch\u00e8res<\/a><\/li>\n<li><a title=\"avocat Verdun\" href=\"\/avocat\/verdun\/\">Verdun<\/a><\/li>\n\n<li><a title=\"avocat Victoriaville\" href=\"\/avocat\/victoriaville\/\">Victoriaville<\/a><\/li>\n<li><a title=\"avocat Ville-Marie\" href=\"\/avocat\/ville-marie\/\">Ville-Marie<\/a><\/li>\n<li><a title=\"avocat Villeray\" href=\"\/avocat\/villeray\/\">Villeray<\/a><\/li>\n\n<li><a title=\"avocat Westmount\" href=\"\/avocat\/westmount\/\">Westmount<\/a><\/li>\n<\/ul>\n<\/div>\n\n\n\n<div style=\"height:100px\" aria-hidden=\"true\" class=\"wp-block-spacer\"><\/div>\n\n\n\n<div class=\"wp-block-columns is-layout-flex wp-container-core-columns-is-layout-3 wp-block-columns-is-layout-flex\">\n<div class=\"wp-block-column is-layout-flow wp-block-column-is-layout-flow\"><div class=\"wp-block-image\">\n<figure class=\"aligncenter size-full\"><img loading=\"lazy\" decoding=\"async\" width=\"880\" height=\"313\" src=\"https:\/\/www.avopro.ca\/avocat\/wp-content\/uploads\/2017\/11\/avocat-avocate.jpg\" alt=\"avocat avocate\" class=\"wp-image-460\" srcset=\"https:\/\/www.avopro.ca\/avocat\/wp-content\/uploads\/2017\/11\/avocat-avocate.jpg 880w, https:\/\/www.avopro.ca\/avocat\/wp-content\/uploads\/2017\/11\/avocat-avocate-300x107.jpg 300w\" sizes=\"(max-width: 880px) 100vw, 880px\" \/><\/figure><\/div><\/div>\n<\/div>\n\n\n\n<div style=\"height:100px\" aria-hidden=\"true\" class=\"wp-block-spacer\"><\/div>\n\n\n\n<div class=\"wp-block-columns is-layout-flex wp-container-core-columns-is-layout-4 wp-block-columns-is-layout-flex\">\n<div class=\"wp-block-column is-layout-flow wp-block-column-is-layout-flow\" style=\"flex-basis:33.33%\">\n<figure class=\"wp-block-image size-large\"><img decoding=\"async\" src=\"\/wp-content\/uploads\/2015\/10\/avocat-droit-familial.jpg\" alt=\"\"\/><\/figure>\n<\/div>\n\n\n\n<div class=\"wp-block-column is-layout-flow wp-block-column-is-layout-flow\" style=\"flex-basis:66.66%\">\n<h2 class=\"wp-block-heading\">Des informations utiles sur le droit de la famille<\/h2>\n\n\n\n<p>La famille, qu\u2019il s\u2019agisse d\u2019ascendants, de descendant, de fr\u00e8res et s\u0153ur ou de conjoint est le noyau dur de l\u2019individu, celui \u00e0 partir duquel tout au long de sa vie il se construira. Le droit de la famille est au Qu\u00e9bec l\u2019ensemble des dispositions qui r\u00e9gissent les relations familiales. Par cons\u00e9quent, cette discipline englobe aussi bien les relations entre conjoints que les liens de filiation.<\/p>\n\n\n\n<p>Elle tire son importance du fait que, touchant aux relations familiales et aux relations de couples, elle concerne chaque individu et intervient sur un terrain d\u2019une importance pr\u00e9pond\u00e9rante sur le plan \u00e9motionnel.<\/p>\n\n\n\n<p><a href=\"\/droit-familial\/droit-de-la-famille-2\/\">Des informations utiles sur le droit de la famille<\/a><\/p>\n<\/div>\n<\/div>\n\n\n\n<div class=\"wp-block-columns is-layout-flex wp-container-core-columns-is-layout-5 wp-block-columns-is-layout-flex\">\n<div class=\"wp-block-column is-layout-flow wp-block-column-is-layout-flow\" style=\"flex-basis:33.33%\">\n<figure class=\"wp-block-image size-large\"><img decoding=\"async\" src=\"\/wp-content\/uploads\/2015\/10\/incorporation-societe-actions.jpg\" alt=\"\"\/><\/figure>\n<\/div>\n\n\n\n<div class=\"wp-block-column is-layout-flow wp-block-column-is-layout-flow\" style=\"flex-basis:66.66%\">\n<h2 class=\"wp-block-heading\">L\u2019incorporation et la cr\u00e9ation d\u2019une soci\u00e9t\u00e9 par actions avec un avocat<\/h2>\n\n\n\n<p>Lorsqu\u2019on envisage de cr\u00e9er une soci\u00e9t\u00e9 ou sa propre entreprise, il arrive que l\u2019on ait souvent l\u2019embarras du choix par rapport \u00e0 la forme et la structure juridique qu\u2019il faut prendre pour son entreprise. En r\u00e9alit\u00e9, entre les SARL, les SA, les SAS, les soci\u00e9t\u00e9s par actions, et toutes les autres structures juridiques, choisir la soci\u00e9t\u00e9 qui saura r\u00e9pondre \u00e0 ce que vous souhaitez.&nbsp;Ainsi, si vous voulez vous lancer dans la constitution d\u2019une soci\u00e9t\u00e9 par actions ou encore l\u2019incorporation, il faut savoir que la cr\u00e9ation de ce genre d\u2019entreprise est assez complexe, mais si l\u2019on connait les \u00e9tapes \u00e0 suivre, il demeure encore plus facile de s\u2019engager.<\/p>\n\n\n\n<p><a href=\"\/commercial\/incorporation-et-creation-dune-societe-par-actions\/\">L\u2019incorporation et la cr\u00e9ation d\u2019une soci\u00e9t\u00e9 par actions<\/a><\/p>\n<\/div>\n<\/div>\n\n\n\n<div class=\"wp-block-columns is-layout-flex wp-container-core-columns-is-layout-6 wp-block-columns-is-layout-flex\">\n<div class=\"wp-block-column is-layout-flow wp-block-column-is-layout-flow\" style=\"flex-basis:33.33%\">\n<figure class=\"wp-block-image size-large\"><img decoding=\"async\" src=\"\/wp-content\/uploads\/2015\/11\/avocat-immigration-commerciale.jpg\" alt=\"\"\/><\/figure>\n<\/div>\n\n\n\n<div class=\"wp-block-column is-layout-flow wp-block-column-is-layout-flow\" style=\"flex-basis:66.66%\">\n<h2 class=\"wp-block-heading\">Un avocat pour immigration de gens d\u2019affaire<\/h2>\n\n\n\n<p>Le Canada encourage autant que possible la venue de travailleurs comp\u00e9tents et motiv\u00e9s qui sauront s\u2019ins\u00e9rer dans le milieu du travail canadien et contribuer au d\u00e9veloppement \u00e9conomique et social du pays. Pour faciliter leur admission, le programme d\u2019immigration de gens d\u2019affaires comprend trois cat\u00e9gories d\u00e9finies&nbsp;: entrepreneurs, investisseurs et travailleurs autonomes. Vous pouvez consulter un avocat pour en savoir plus sur l\u2019immigration au Canada.<\/p>\n\n\n\n<p><a href=\"https:\/\/www.avopro.ca\/immigration\/immigration-de-gens-daffaire\/\">Immigration de gens d\u2019affaire<\/a><\/p>\n<\/div>\n<\/div>\n\n\n\n<div class=\"wp-block-columns is-layout-flex wp-container-core-columns-is-layout-7 wp-block-columns-is-layout-flex\">\n<div class=\"wp-block-column is-layout-flow wp-block-column-is-layout-flow\" style=\"flex-basis:33.33%\">\n<figure class=\"wp-block-image size-large\"><img decoding=\"async\" src=\"\/wp-content\/uploads\/2015\/10\/avocat-droit-criminel.jpg\" alt=\"\"\/><\/figure>\n<\/div>\n\n\n\n<div class=\"wp-block-column is-layout-flow wp-block-column-is-layout-flow\" style=\"flex-basis:66.66%\">\n<h2 class=\"wp-block-heading\">Pourquoi choisir un avocat criminel?<\/h2>\n\n\n\n<p>Un avocat expert en droit criminel saura vous conseiller pour diff\u00e9rents probl\u00e8mes l\u00e9gaux. Cette partie de notre site pourra vous \u00eatre tr\u00e8s utile pour vous familiariser avec les diff\u00e9rentes probl\u00e9matiques en lien avec ce domaine juridique. Vous \u00eates victime d\u2019un acte ou \u00eates accus\u00e9 en fonction du droit criminel? Cette section pourra vous mettre en contact avec diff\u00e9rents sujets.<\/p>\n\n\n\n<p>Ces courts textes ne contiennent aucune recommandation ni avis l\u00e9gaux. Pour obtenir plus de d\u00e9tails, veuillez prendre rendez-vous avec un conseiller dans le domaine criminel.<\/p>\n\n\n\n<p><a href=\"\/criminel\/\">Pourquoi choisir un avocat criminel?<\/a><\/p>\n<\/div>\n<\/div>\n\n\n\n<div class=\"wp-block-columns is-layout-flex wp-container-core-columns-is-layout-8 wp-block-columns-is-layout-flex\">\n<div class=\"wp-block-column is-layout-flow wp-block-column-is-layout-flow\" style=\"flex-basis:33.33%\">\n<figure class=\"wp-block-image size-large\"><img decoding=\"async\" src=\"\/wp-content\/uploads\/2015\/10\/avocat-droit-commercial.jpg\" alt=\"\"\/><\/figure>\n<\/div>\n\n\n\n<div class=\"wp-block-column is-layout-flow wp-block-column-is-layout-flow\" style=\"flex-basis:66.66%\">\n<h2 class=\"wp-block-heading\">Comment un avocat en droit commercial peut-il vous aider?<\/h2>\n\n\n\n<p>Vous trouverez ici plusieurs articles sur le droit commercial et comment un avocat sp\u00e9cialis\u00e9 dans ce domaine peut vous aider. Vous \u00eates le propri\u00e9taire d\u2019une entreprise ou le gestionnaire d\u2019une soci\u00e9t\u00e9 par action? Ce type d\u2019expert peut r\u00e9soudre bien des probl\u00e8mes d\u2019ordre l\u00e9gal. Nous vous pr\u00e9sentons quelques petits textes pour vous aider \u00e0 y voir plus clair sur ce m\u00e9tier et pour quel genre de t\u00e2che il vous sera utile de faire affaire avec un tel sp\u00e9cialiste. Le contenu de ces articles ne constitue aucunement des recommandations ou des conseils.<\/p>\n\n\n\n<p><a href=\"\/commercial\/\">Comment un avocat en droit commercial peut-il vous aider?<\/a><\/p>\n<\/div>\n<\/div>\n\n\n\n<div class=\"wp-block-columns is-layout-flex wp-container-core-columns-is-layout-9 wp-block-columns-is-layout-flex\">\n<div class=\"wp-block-column is-layout-flow wp-block-column-is-layout-flow\" style=\"flex-basis:33.33%\">\n<figure class=\"wp-block-image size-large\"><img decoding=\"async\" src=\"\/wp-content\/uploads\/2015\/10\/droit-immigration.jpg\" alt=\"\"\/><\/figure>\n<\/div>\n\n\n\n<div class=\"wp-block-column is-layout-flow wp-block-column-is-layout-flow\" style=\"flex-basis:66.66%\">\n<h2 class=\"wp-block-heading\">Mieux conna\u00eetre&nbsp;droit de l\u2019immigration<\/h2>\n\n\n\n<p>Vous d\u00e9sirez immigrer ou vous souhaitez faire venir des membres de votre famille? Il est important de vous renseigner sur la question afin de pouvoir envisager la situation avec le plus de connaissance possible. Le droit de l\u2019immigration englobe bien des choses. Ces sujets sont souvent complexes et difficile d\u2019approche. Il importe donc d\u2019en savoir un maximum pour bien appr\u00e9hender la question.<\/p>\n\n\n\n<p>Un avocat en droit de l\u2019immigration saura vous donner de judicieux conseils afin de vous guider dans toutes vos d\u00e9marches. Nous vous recommandons vivement d\u2019entrer en communication avec un conseiller juridique pour obtenir plus de renseignement ou un rendez-vous dans les plus brefs d\u00e9lais.<\/p>\n\n\n\n<p><a href=\"\/immigration\/\">Mieux conna\u00eetre droit de l\u2019immigration<\/a><\/p>\n<\/div>\n<\/div>\n","protected":false},"excerpt":{"rendered":"<p>Avocat et avocate par ville Trouvez les coordonn\u00e9es des avocats sp\u00e9cialis\u00e9s dans diff\u00e9rents domaines d\u2019expertise. En cliquant sur l\u2019une des localit\u00e9s de cette liste, vous pourrez voir si un avocat offre des services correspondant \u00e0 ce que vous recherchez. Vous pourrez ainsi contacter l\u2019avocat qui correspond au mieux \u00e0 ce que vous recherchez. Vous serez [&hellip;]<\/p>\n","protected":false},"author":1,"featured_media":0,"parent":0,"menu_order":0,"comment_status":"closed","ping_status":"closed","template":"","meta":{"footnotes":""},"class_list":["post-565","page","type-page","status-publish","hentry"],"_links":{"self":[{"href":"https:\/\/www.avopro.ca\/avocat\/wp-json\/wp\/v2\/pages\/565"}],"collection":[{"href":"https:\/\/www.avopro.ca\/avocat\/wp-json\/wp\/v2\/pages"}],"about":[{"href":"https:\/\/www.avopro.ca\/avocat\/wp-json\/wp\/v2\/types\/page"}],"author":[{"embeddable":true,"href":"https:\/\/www.avopro.ca\/avocat\/wp-json\/wp\/v2\/users\/1"}],"replies":[{"embeddable":true,"href":"https:\/\/www.avopro.ca\/avocat\/wp-json\/wp\/v2\/comments?post=565"}],"version-history":[{"count":21,"href":"https:\/\/www.avopro.ca\/avocat\/wp-json\/wp\/v2\/pages\/565\/revisions"}],"predecessor-version":[{"id":824,"href":"https:\/\/www.avopro.ca\/avocat\/wp-json\/wp\/v2\/pages\/565\/revisions\/824"}],"wp:attachment":[{"href":"https:\/\/www.avopro.ca\/avocat\/wp-json\/wp\/v2\/media?parent=565"}],"curies":[{"name":"wp","href":"https:\/\/api.w.org\/{rel}","templated":true}]}}