{"id":52,"date":"2015-10-26T14:48:31","date_gmt":"2015-10-26T13:48:31","guid":{"rendered":"http:\/\/www.avopro.ca\/avocat\/?page_id=52"},"modified":"2024-10-18T15:43:14","modified_gmt":"2024-10-18T14:43:14","slug":"emplacements","status":"publish","type":"page","link":"https:\/\/www.avopro.ca\/avocat\/emplacements\/","title":{"rendered":"Emplacements"},"content":{"rendered":"\n<figure class=\"wp-block-image\"><img decoding=\"async\" src=\"\/avocat\/images\/endroit.jpg\" alt=\"endroit pour trouver\"\/><\/figure>\n\n\n\n<div style=\"float: left; width: 40%;\"><\/div>\n\n\n\n<div style=\"float: left; width: 60%;\">Les diff\u00e9rents emplacements pour trouver un avocat ou une avocate partout au Qu\u00e9bec, vous pouvez retrouver quelques villes de la <a href=\"..\/rive-sud-2\">Rive-Sud<\/a> ou des arrondissements de <a href=\"..\/montreal-2\">Montr\u00e9al<\/a>. Le site AvoPro est un bottin d&rsquo;avocats qui affiche les coordonn\u00e9es pour prendre contact avec les sp\u00e9cialistes. Le site est gratuit \u00e0 consulter, pour ceux qui souhaitent afficher leurs services dans le r\u00e9pertoire les prix sont sur la page inscription et les diff\u00e9rentes d\u00e9marches pour y arriver. Certaines villes dans le r\u00e9pertoire sont plus populaires comme <a href=\"..\/brossard\">Brossard<\/a>, <a href=\"..\/sherbrooke\">Sherbrooke<\/a>, <a href=\"..\/terrebonne\">Terrebonne<\/a>&#8230; Pour consulter la liste de tout les emplacements vous devez vous rendre sur la page <a href=\"..\/\">Avocat par ville<\/a>.<\/div>\n","protected":false},"excerpt":{"rendered":"<p>Les diff\u00e9rents emplacements pour trouver un avocat ou une avocate partout au Qu\u00e9bec, vous pouvez retrouver quelques villes de la Rive-Sud ou des arrondissements de Montr\u00e9al. Le site AvoPro est un bottin d&rsquo;avocats qui affiche les coordonn\u00e9es pour prendre contact avec les sp\u00e9cialistes. Le site est gratuit \u00e0 consulter, pour ceux qui souhaitent afficher leurs [&hellip;]<\/p>\n","protected":false},"author":1,"featured_media":0,"parent":0,"menu_order":0,"comment_status":"open","ping_status":"open","template":"","meta":{"footnotes":""},"class_list":["post-52","page","type-page","status-publish","hentry"],"_links":{"self":[{"href":"https:\/\/www.avopro.ca\/avocat\/wp-json\/wp\/v2\/pages\/52"}],"collection":[{"href":"https:\/\/www.avopro.ca\/avocat\/wp-json\/wp\/v2\/pages"}],"about":[{"href":"https:\/\/www.avopro.ca\/avocat\/wp-json\/wp\/v2\/types\/page"}],"author":[{"embeddable":true,"href":"https:\/\/www.avopro.ca\/avocat\/wp-json\/wp\/v2\/users\/1"}],"replies":[{"embeddable":true,"href":"https:\/\/www.avopro.ca\/avocat\/wp-json\/wp\/v2\/comments?post=52"}],"version-history":[{"count":10,"href":"https:\/\/www.avopro.ca\/avocat\/wp-json\/wp\/v2\/pages\/52\/revisions"}],"predecessor-version":[{"id":787,"href":"https:\/\/www.avopro.ca\/avocat\/wp-json\/wp\/v2\/pages\/52\/revisions\/787"}],"wp:attachment":[{"href":"https:\/\/www.avopro.ca\/avocat\/wp-json\/wp\/v2\/media?parent=52"}],"curies":[{"name":"wp","href":"https:\/\/api.w.org\/{rel}","templated":true}]}}