{"id":233,"date":"2016-06-05T22:06:32","date_gmt":"2016-06-05T21:06:32","guid":{"rendered":"http:\/\/www.avopro.ca\/avocat\/?page_id=233"},"modified":"2024-10-18T15:49:04","modified_gmt":"2024-10-18T14:49:04","slug":"lavocat-pour-vous-guider-lors-dune-accusation-criminel","status":"publish","type":"page","link":"https:\/\/www.avopro.ca\/avocat\/lavocat-pour-vous-guider-lors-dune-accusation-criminel\/","title":{"rendered":"L&rsquo;avocat pour vous guider lors d&rsquo;une accusation criminel"},"content":{"rendered":"\n<h1 class=\"wp-block-heading\">L&rsquo;avocat pour vous guider lors d&rsquo;une accusation criminel<\/h1>\n\n\n\n<p>C\u2019est la loi f\u00e9d\u00e9rale qui r\u00e9git le Code criminel et d\u00e9finit les droits et la proc\u00e9dure p\u00e9nale. Lors d\u2019une infraction, c\u2019est dans le Code p\u00e9nal qu\u2019on trouvera tous les \u00e9l\u00e9ments n\u00e9cessaires pour la proc\u00e9dure. L&rsquo;avocat sp\u00e9cialis\u00e9 en droit criminel ou encore le criminaliste pourra vous offrir un service conseil ou assurer votre d\u00e9fense lors d&rsquo;accusation en fonction du code criminel.<\/p>\n\n\n\n<p>&nbsp;<\/p>\n\n\n\n<p>Cet expert du droit sera \u00e0 m\u00eame de vous \u00e9pauler tout au long des proc\u00e9dures judiciaires. Pour obtenir davantage de renseignements sur les r\u00e8gles de droit relatives \u00e0 votre cas, il est recommand\u00e9 de prendre un rendez-vous avec un professionnel poss\u00e9dant une expertise et une bonne exp\u00e9rience dans ce domaine.<\/p>\n\n\n\n<p>&nbsp;<\/p>\n\n\n\n<p>&nbsp;<\/p>\n\n\n<div class=\"wp-block-image img-responsive wp-image-263 size-full\">\n<figure class=\"aligncenter\"><img loading=\"lazy\" decoding=\"async\" width=\"635\" height=\"400\" src=\"\/avocat\/wp-content\/uploads\/2016\/06\/avocat-droit-criminel.jpg\" alt=\"avocat droit criminel\" class=\"wp-image-263\" srcset=\"https:\/\/www.avopro.ca\/avocat\/wp-content\/uploads\/2016\/06\/avocat-droit-criminel.jpg 635w, https:\/\/www.avopro.ca\/avocat\/wp-content\/uploads\/2016\/06\/avocat-droit-criminel-300x189.jpg 300w\" sizes=\"(max-width: 635px) 100vw, 635px\" \/><figcaption class=\"wp-element-caption\">Avocat droit criminel<\/figcaption><\/figure><\/div>\n\n\n<p>&nbsp;<\/p>\n\n\n\n<p>&nbsp;<\/p>\n\n\n\n<h2 class=\"wp-block-heading\">La proc\u00e9dure p\u00e9nale<\/h2>\n\n\n\n<p>&nbsp;<\/p>\n\n\n\n<p>En cas d\u2019arrestation, vous devez trouver un avocat si vous n\u2019en disposez pas encore pour vous d\u00e9fendre. Cela s&rsquo;explique par le fait qu\u2019une personne accus\u00e9e de d\u00e9lit est r\u00e9ellement coupable que lorsque le procureur pr\u00e9sente assez de preuves qui montrent sa culpabilit\u00e9. L\u2019avocat de la d\u00e9fense doit utiliser toutes informations n\u00e9cessaires et autoris\u00e9es par la justice pour \u00e9viter la condamnation de l\u2019accus\u00e9. La relation entre les deux parties doit \u00eatre bas\u00e9e sur le secret professionnel et la confiance totale.<\/p>\n\n\n\n<p>&nbsp;<\/p>\n\n\n\n<p>&nbsp;<\/p>\n\n\n\n<h2 class=\"wp-block-heading\">Missions de l\u2019avocat de la d\u00e9fense<\/h2>\n\n\n\n<p>&nbsp;<\/p>\n\n\n\n<p>Lors de l\u2019arrestation, c\u2019est au procureur de la couronne de pr\u00e9senter des preuves claires pour inculper le pr\u00e9sum\u00e9 coupable. Alors, l\u2019avocat va de son c\u00f4t\u00e9 analyser les preuves souvent via un expert ind\u00e9pendant. Il va pr\u00e9senter devant le juge ou le jury des \u00e9l\u00e9ments n\u00e9cessaires pour r\u00e9futer les preuves du procureur de la couronne. C\u2019est \u00e0 lui de pr\u00e9senter une d\u00e9fense solide pour sortir son client de cette situation d\u00e9sastreuse. C\u2019est toujours \u00e0 lui de prouver l\u2019innocence de son client, pas le contraire.<\/p>\n\n\n\n<p>&nbsp;<\/p>\n\n\n\n<p>Le site peut comporter des erreurs d&rsquo;informations pour cette raison veuillez prendre contact directement avec un avocat sp\u00e9cialis\u00e9 en droit criminel.<\/p>\n\n\n\n<p>&nbsp;<\/p>\n","protected":false},"excerpt":{"rendered":"<p>L&rsquo;avocat pour vous guider lors d&rsquo;une accusation criminel C\u2019est la loi f\u00e9d\u00e9rale qui r\u00e9git le Code criminel et d\u00e9finit les droits et la proc\u00e9dure p\u00e9nale. Lors d\u2019une infraction, c\u2019est dans le Code p\u00e9nal qu\u2019on trouvera tous les \u00e9l\u00e9ments n\u00e9cessaires pour la proc\u00e9dure. L&rsquo;avocat sp\u00e9cialis\u00e9 en droit criminel ou encore le criminaliste pourra vous offrir un [&hellip;]<\/p>\n","protected":false},"author":1,"featured_media":0,"parent":0,"menu_order":0,"comment_status":"open","ping_status":"open","template":"","meta":{"footnotes":""},"class_list":["post-233","page","type-page","status-publish","hentry"],"_links":{"self":[{"href":"https:\/\/www.avopro.ca\/avocat\/wp-json\/wp\/v2\/pages\/233"}],"collection":[{"href":"https:\/\/www.avopro.ca\/avocat\/wp-json\/wp\/v2\/pages"}],"about":[{"href":"https:\/\/www.avopro.ca\/avocat\/wp-json\/wp\/v2\/types\/page"}],"author":[{"embeddable":true,"href":"https:\/\/www.avopro.ca\/avocat\/wp-json\/wp\/v2\/users\/1"}],"replies":[{"embeddable":true,"href":"https:\/\/www.avopro.ca\/avocat\/wp-json\/wp\/v2\/comments?post=233"}],"version-history":[{"count":10,"href":"https:\/\/www.avopro.ca\/avocat\/wp-json\/wp\/v2\/pages\/233\/revisions"}],"predecessor-version":[{"id":793,"href":"https:\/\/www.avopro.ca\/avocat\/wp-json\/wp\/v2\/pages\/233\/revisions\/793"}],"wp:attachment":[{"href":"https:\/\/www.avopro.ca\/avocat\/wp-json\/wp\/v2\/media?parent=233"}],"curies":[{"name":"wp","href":"https:\/\/api.w.org\/{rel}","templated":true}]}}