{"id":228,"date":"2016-06-05T22:01:22","date_gmt":"2016-06-05T21:01:22","guid":{"rendered":"http:\/\/www.avopro.ca\/avocat\/?page_id=228"},"modified":"2024-10-18T15:52:13","modified_gmt":"2024-10-18T14:52:13","slug":"protection-du-consommateur-services-juridiques","status":"publish","type":"page","link":"https:\/\/www.avopro.ca\/avocat\/protection-du-consommateur-services-juridiques\/","title":{"rendered":"Protection du consommateur services juridiques"},"content":{"rendered":"\n<h1 class=\"wp-block-heading\">Protection du consommateur services juridiques<\/h1>\n\n\n\n<p>La protection des consommateurs est une priorit\u00e9 de l\u2019\u00c9tat. Des r\u00e8gles et des normes ont \u00e9t\u00e9 \u00e9tablies pour contr\u00f4ler et faire respecter les obligations des consommateurs et des commer\u00e7ants.<\/p>\n\n\n\n<p>&nbsp;<\/p>\n\n\n<div class=\"wp-block-image img-responsive wp-image-335 size-full\">\n<figure class=\"aligncenter\"><img loading=\"lazy\" decoding=\"async\" width=\"635\" height=\"400\" src=\"\/avocat\/wp-content\/uploads\/2016\/06\/avocat-protection-consommateur.jpg\" alt=\"avocat protection consommateur\" class=\"wp-image-335\" srcset=\"https:\/\/www.avopro.ca\/avocat\/wp-content\/uploads\/2016\/06\/avocat-protection-consommateur.jpg 635w, https:\/\/www.avopro.ca\/avocat\/wp-content\/uploads\/2016\/06\/avocat-protection-consommateur-300x189.jpg 300w\" sizes=\"(max-width: 635px) 100vw, 635px\" \/><figcaption class=\"wp-element-caption\">Avocat protection consommateur<\/figcaption><\/figure><\/div>\n\n\n<p>&nbsp;<\/p>\n\n\n\n<h2 class=\"wp-block-heading\">R\u00e9glementation et protection des consommateurs<\/h2>\n\n\n\n<p>&nbsp;<\/p>\n\n\n\n<p>La loi sur la protection des consommateurs pr\u00e9voit une garantie sur tous les biens et services. Elle privil\u00e9gie les contrats de cr\u00e9dit, les contrats de vente en ligne, les commerces itin\u00e9rants et autres. Elle contr\u00f4le les diff\u00e9rents secteurs d\u2019activit\u00e9s \u00e9conomiques et d\u00e9finit les activit\u00e9s n\u00e9cessitant une d\u00e9livrance de permis. Il g\u00e8re aussi la publicit\u00e9 pour les enfants de moins de 13 ans. Mais le plus important est le contr\u00f4le qu\u2019il exerce sur les commer\u00e7ants concernant des triches et des pratiques frauduleuses.<\/p>\n\n\n\n<p>&nbsp;<\/p>\n\n\n\n<p>&nbsp;<\/p>\n\n\n\n<h2 class=\"wp-block-heading\">Les conditions pour augmenter vos chances de vendre<\/h2>\n\n\n\n<p>&nbsp;<\/p>\n\n\n\n<p>La loi exige que le vendeur doive divulguer la totalit\u00e9 des informations li\u00e9es aux produits. Les \u00e9l\u00e9ments les plus importants sont les informations qui sont en rapport avec la nature du produit, \u00e0 savoir, le prix du produit, les caract\u00e9ristiques, la qualit\u00e9 et la s\u00e9curit\u00e9 du produit. Aussi le non-respect du d\u00e9lai de livraison peut pousser le consommateur \u00e0 refuser le produit. En cas d\u2019acompte, et du non-respect du contrat, le consommateur peut \u00eatre indemnis\u00e9 et acqu\u00e9rir des int\u00e9r\u00eats.<\/p>\n\n\n\n<p>&nbsp;<\/p>\n\n\n\n<p>Le texte suivant peut comporter plusieurs erreurs d&rsquo;informations, veuillez toujours vous r\u00e9f\u00e9rer \u00e0 un avocat.<\/p>\n","protected":false},"excerpt":{"rendered":"<p>Protection du consommateur services juridiques La protection des consommateurs est une priorit\u00e9 de l\u2019\u00c9tat. Des r\u00e8gles et des normes ont \u00e9t\u00e9 \u00e9tablies pour contr\u00f4ler et faire respecter les obligations des consommateurs et des commer\u00e7ants. &nbsp; &nbsp; R\u00e9glementation et protection des consommateurs &nbsp; La loi sur la protection des consommateurs pr\u00e9voit une garantie sur tous les [&hellip;]<\/p>\n","protected":false},"author":1,"featured_media":0,"parent":0,"menu_order":0,"comment_status":"open","ping_status":"open","template":"","meta":{"footnotes":""},"class_list":["post-228","page","type-page","status-publish","hentry"],"_links":{"self":[{"href":"https:\/\/www.avopro.ca\/avocat\/wp-json\/wp\/v2\/pages\/228"}],"collection":[{"href":"https:\/\/www.avopro.ca\/avocat\/wp-json\/wp\/v2\/pages"}],"about":[{"href":"https:\/\/www.avopro.ca\/avocat\/wp-json\/wp\/v2\/types\/page"}],"author":[{"embeddable":true,"href":"https:\/\/www.avopro.ca\/avocat\/wp-json\/wp\/v2\/users\/1"}],"replies":[{"embeddable":true,"href":"https:\/\/www.avopro.ca\/avocat\/wp-json\/wp\/v2\/comments?post=228"}],"version-history":[{"count":6,"href":"https:\/\/www.avopro.ca\/avocat\/wp-json\/wp\/v2\/pages\/228\/revisions"}],"predecessor-version":[{"id":805,"href":"https:\/\/www.avopro.ca\/avocat\/wp-json\/wp\/v2\/pages\/228\/revisions\/805"}],"wp:attachment":[{"href":"https:\/\/www.avopro.ca\/avocat\/wp-json\/wp\/v2\/media?parent=228"}],"curies":[{"name":"wp","href":"https:\/\/api.w.org\/{rel}","templated":true}]}}