{"id":203,"date":"2016-06-03T04:10:00","date_gmt":"2016-06-03T03:10:00","guid":{"rendered":"http:\/\/www.avopro.ca\/avocat\/?page_id=203"},"modified":"2024-10-18T15:40:46","modified_gmt":"2024-10-18T14:40:46","slug":"avocat-en-droit-de-la-construction","status":"publish","type":"page","link":"https:\/\/www.avopro.ca\/avocat\/avocat-en-droit-de-la-construction\/","title":{"rendered":"Avocat en droit de la construction"},"content":{"rendered":"\n<h1 class=\"wp-block-heading\">Un avocat en&nbsp;droit de la construction<\/h1>\n\n\n\n<p>Le droit de construction oriente les diff\u00e9rents acteurs de l\u2019immobilier vers les r\u00e8gles et lois concernant ce domaine d&rsquo;activit\u00e9. Il occupe de plus en plus la sc\u00e8ne publique du fait que des chantiers naissent chaque jour. Cette croissance des infrastructures fait que les concern\u00e9s sont oblig\u00e9s de s\u2019impr\u00e9gner des divers aspects juridiques pour mener \u00e0 bien leurs ouvrages. Pour tous les aspects l\u00e9gaux relatifs avec le droits de la construction, il est recommand\u00e9 de faire appel aux services d&rsquo;un avocat sp\u00e9cialis\u00e9 pour le domaine de la construction.<\/p>\n\n\n\n<p>&nbsp;<\/p>\n\n\n<div class=\"wp-block-image img-responsive wp-image-210 size-full\">\n<figure class=\"aligncenter\"><img loading=\"lazy\" decoding=\"async\" width=\"635\" height=\"423\" src=\"\/avocat\/wp-content\/uploads\/2016\/06\/avocat-droit-construction.jpg\" alt=\"Avocat droit construction\" class=\"wp-image-210\" srcset=\"https:\/\/www.avopro.ca\/avocat\/wp-content\/uploads\/2016\/06\/avocat-droit-construction.jpg 635w, https:\/\/www.avopro.ca\/avocat\/wp-content\/uploads\/2016\/06\/avocat-droit-construction-300x200.jpg 300w\" sizes=\"(max-width: 635px) 100vw, 635px\" \/><figcaption class=\"wp-element-caption\">Avocat droit construction<\/figcaption><\/figure><\/div>\n\n\n<p>&nbsp;<\/p>\n\n\n\n<h2 class=\"wp-block-heading\">L&rsquo;avocat sait vous conseiller<\/h2>\n\n\n\n<p>La mise en place de chantiers pour la construction de b\u00e2timents commerciaux, d&rsquo;immeubles \u00e0 logements, de maison, de condo, ou tout autre b\u00e2tisses, cet expert sera en mesure de vous conseiller sur les points de lois qu&rsquo;il incombe de consid\u00e9rer.<\/p>\n\n\n<div class=\"wp-block-image\">\n<figure class=\"alignleft\"><img loading=\"lazy\" decoding=\"async\" width=\"320\" height=\"222\" src=\"\/avocat\/wp-content\/uploads\/2016\/06\/avocat-loi-construction.jpg\" alt=\"avocat loi construction\" class=\"wp-image-507\" title=\"avocat loi construction\" srcset=\"https:\/\/www.avopro.ca\/avocat\/wp-content\/uploads\/2016\/06\/avocat-loi-construction.jpg 320w, https:\/\/www.avopro.ca\/avocat\/wp-content\/uploads\/2016\/06\/avocat-loi-construction-300x208.jpg 300w\" sizes=\"(max-width: 320px) 100vw, 320px\" \/><\/figure><\/div>\n\n\n<p><\/p>\n\n\n\n<p>L&rsquo;avocat poss\u00e8de une bonne connaissance de la r\u00e9glementation et des lois en vigueur afin de vous fournir des renseignements et de l&rsquo;information pertinente qui vous aidera \u00e0 prendre de meilleures d\u00e9cisions concernant cette activit\u00e9. Les r\u00e8gles r\u00e9gissant ce domaine sont souvent complexes et difficile \u00e0 comprendre. Dans cette perspective, l&rsquo;avocat engag\u00e9 sera en mesure de vous fournir toute l&rsquo;assistance dont vous aurez besoins. Dans cette perspective, nous comprenons que le droit de la construction est un domaine l\u00e9gal vaste qui peut s&rsquo;\u00e9tendre des demandes de permis de construction dans le domaine r\u00e9sidentiel aux r\u00e8gles de s\u00e9curit\u00e9 \u00e0 respecter sur un chantier de construction. Il est en ce sens souhaitable de s&rsquo;entretenir avec un ou une sp\u00e9cialiste afin de vous assurer qu&rsquo;il ou qu&rsquo;elle saura r\u00e9pondre aux exigences sp\u00e9cifiques de votre cas.<\/p>\n\n\n\n<p>&nbsp;<\/p>\n\n\n\n<p>&nbsp;<\/p>\n\n\n\n<h2 class=\"wp-block-heading\">La vocation du droit de construction<\/h2>\n\n\n\n<p>Le droit de construction traite de deux sujets majeurs : l\u2019obligation d\u2019un ouvrage bien fait et l\u2019obligation de respecter les d\u00e9lais de livraison que le constructeur doit signer obligatoirement. C\u2019est \u00e0 partir de ces proc\u00e9dures que le droit pourra s\u2019appuyer pour intervenir. \u00c0 c\u00f4t\u00e9 le droit prend en charge les obligations de renseignement et de conseil qui prennent en compte le cout des travaux ainsi que la charge de tous les risques concernant les travaux.<\/p>\n\n\n\n<p>&nbsp;<\/p>\n\n\n\n<h2 class=\"wp-block-heading\">Les acteurs du code de la construction<\/h2>\n\n\n<div class=\"wp-block-image\">\n<figure class=\"alignleft\"><img loading=\"lazy\" decoding=\"async\" width=\"340\" height=\"236\" src=\"\/avocat\/wp-content\/uploads\/2016\/06\/avocat-industrie-construction.jpg\" alt=\"avocat industrie construction\" class=\"wp-image-504\" srcset=\"https:\/\/www.avopro.ca\/avocat\/wp-content\/uploads\/2016\/06\/avocat-industrie-construction.jpg 340w, https:\/\/www.avopro.ca\/avocat\/wp-content\/uploads\/2016\/06\/avocat-industrie-construction-300x208.jpg 300w\" sizes=\"(max-width: 340px) 100vw, 340px\" \/><\/figure><\/div>\n\n\n<p class=\"alignnone\">Le droit \u00e0 la construction regroupe les soci\u00e9t\u00e9s de construction dont font partie les maitres d\u2019ouvrage, les maitres d\u2019\u0153uvre, les architectes, etc. Vous avez \u00e0 c\u00f4t\u00e9 les propri\u00e9taires des infrastructures, les chefs d\u2019entreprise c\u2019est-\u00e0-dire les mandataires de ces travaux.<\/p>\n\n\n\n<p class=\"alignnone\">Ces diff\u00e9rentes cat\u00e9gories sont r\u00e9gies par la loi. Vous pourrez facilement vous renseigner en sollicitant un avocat sp\u00e9cialis\u00e9. Une consultation avec votre avocat vous donnera toute la confiance pour entreprendre des travaux ou encore travailler dans ce domaine.<\/p>\n\n\n\n<p>&nbsp;<\/p>\n\n\n\n<p>Les informations dans le site peuvent comporter des erreurs d&rsquo;informations, toujours v\u00e9rifier avec un avocat en droit de la construction.<\/p>\n","protected":false},"excerpt":{"rendered":"<p>Un avocat en&nbsp;droit de la construction Le droit de construction oriente les diff\u00e9rents acteurs de l\u2019immobilier vers les r\u00e8gles et lois concernant ce domaine d&rsquo;activit\u00e9. Il occupe de plus en plus la sc\u00e8ne publique du fait que des chantiers naissent chaque jour. Cette croissance des infrastructures fait que les concern\u00e9s sont oblig\u00e9s de s\u2019impr\u00e9gner des [&hellip;]<\/p>\n","protected":false},"author":1,"featured_media":0,"parent":0,"menu_order":0,"comment_status":"open","ping_status":"open","template":"","meta":{"footnotes":""},"class_list":["post-203","page","type-page","status-publish","hentry"],"_links":{"self":[{"href":"https:\/\/www.avopro.ca\/avocat\/wp-json\/wp\/v2\/pages\/203"}],"collection":[{"href":"https:\/\/www.avopro.ca\/avocat\/wp-json\/wp\/v2\/pages"}],"about":[{"href":"https:\/\/www.avopro.ca\/avocat\/wp-json\/wp\/v2\/types\/page"}],"author":[{"embeddable":true,"href":"https:\/\/www.avopro.ca\/avocat\/wp-json\/wp\/v2\/users\/1"}],"replies":[{"embeddable":true,"href":"https:\/\/www.avopro.ca\/avocat\/wp-json\/wp\/v2\/comments?post=203"}],"version-history":[{"count":15,"href":"https:\/\/www.avopro.ca\/avocat\/wp-json\/wp\/v2\/pages\/203\/revisions"}],"predecessor-version":[{"id":776,"href":"https:\/\/www.avopro.ca\/avocat\/wp-json\/wp\/v2\/pages\/203\/revisions\/776"}],"wp:attachment":[{"href":"https:\/\/www.avopro.ca\/avocat\/wp-json\/wp\/v2\/media?parent=203"}],"curies":[{"name":"wp","href":"https:\/\/api.w.org\/{rel}","templated":true}]}}