{"id":199,"date":"2016-06-03T03:38:32","date_gmt":"2016-06-03T02:38:32","guid":{"rendered":"http:\/\/www.avopro.ca\/avocat\/?page_id=199"},"modified":"2024-10-18T15:41:50","modified_gmt":"2024-10-18T14:41:50","slug":"avocat-pour-redaction-de-clause-de-non-concurrence","status":"publish","type":"page","link":"https:\/\/www.avopro.ca\/avocat\/avocat-pour-redaction-de-clause-de-non-concurrence\/","title":{"rendered":"Avocat pour r\u00e9daction de clause de non concurrence"},"content":{"rendered":"\n<h1 class=\"wp-block-heading\">Avocat pour r\u00e9daction de clause de non concurrence<\/h1>\n\n\n\n<p>La clause de non concurrence est une possibilit\u00e9 offerte aux entreprises pour leur permettre de s\u00e9curiser leurs activit\u00e9s. Il peut aussi \u00eatre vu comme une limite aux possibilit\u00e9s de recherche d\u2019emploi apr\u00e8s la rupture du contrat de travail. Elle s\u2019applique aux contrats \u00e0 temps plein. D\u00e8s lors, pour une entreprise, avoir un avocat serait d\u2019une tr\u00e8s grande utilit\u00e9. Ce dernier r\u00e9digera la clause pour ladite entreprise.Un sp\u00e9cialiste des questions de non-concurrence pourra vous accompagner pour la r\u00e9daction de documents l\u00e9gaux \u00e0 faire signer par vos employ\u00e9s ou par des partenaires.<\/p>\n\n\n\n<p>&nbsp;<\/p>\n\n\n\n<p>&nbsp;<\/p>\n\n\n<div class=\"wp-block-image img-responsive wp-image-275 size-full\">\n<figure class=\"aligncenter\"><img loading=\"lazy\" decoding=\"async\" width=\"635\" height=\"400\" src=\"\/avocat\/wp-content\/uploads\/2016\/06\/avocats-redaction-documents.jpg\" alt=\"Avocats r\u00e9daction documents l\u00e9gaux\" class=\"wp-image-275\" srcset=\"https:\/\/www.avopro.ca\/avocat\/wp-content\/uploads\/2016\/06\/avocats-redaction-documents.jpg 635w, https:\/\/www.avopro.ca\/avocat\/wp-content\/uploads\/2016\/06\/avocats-redaction-documents-300x189.jpg 300w\" sizes=\"(max-width: 635px) 100vw, 635px\" \/><figcaption class=\"wp-element-caption\">Avocats r\u00e9daction documents l\u00e9gaux<\/figcaption><\/figure><\/div>\n\n\n<p>&nbsp;<\/p>\n\n\n\n<p>&nbsp;<\/p>\n\n\n\n<h2 class=\"wp-block-heading\">L&rsquo;importance de la clause de non concurrence<\/h2>\n\n\n\n<p>&nbsp;<\/p>\n\n\n\n<p>Il devient de plus en plus rare, lors de la r\u00e9daction d\u2019un contrat de travail entre un employeur et son employ\u00e9 de ne pas y faire figurer la clause de non concurrence. Cette disposition figurant souvent dans la r\u00e9daction d&rsquo;un contrat initiale d&#8217;embauche a pour principal objectif l&rsquo;interdiction pour un&nbsp;ancien salari\u00e9 d\u2019exercer une activit\u00e9 professionnelle concurrente qui porterait atteinte \u00e0 son ancien employeur suite \u00e0 la conclusion de ses activit\u00e9s au sein de l&rsquo;entreprise.<\/p>\n\n\n\n<p>&nbsp;<\/p>\n\n\n\n<p>Les clauses de non-concurrence figurent souvent dans les contrats de travail&nbsp;et&nbsp;servent g\u00e9n\u00e9ralement \u00e0 prot\u00e9ger l&#8217;employeur contre une \u00e9ventuelle utilisation allant \u00e0 l&rsquo;encontre de l&rsquo;int\u00e9r\u00eat de sa soci\u00e9t\u00e9 en lien avec l&#8217;embauche d&rsquo;un nouvel employ\u00e9. Ces ententes peuvent \u00eatre plus ou moins contraignantes&nbsp;en fonction des besoins de protection de la dite entreprise et des diff\u00e9rentes clauses ayant \u00e9t\u00e9 incluses dans la r\u00e9daction du document.<\/p>\n\n\n\n<p>&nbsp;<\/p>\n\n\n\n<p>&nbsp;<\/p>\n\n\n\n<h2 class=\"wp-block-heading\">Un avocat pour la r\u00e9daction de la clause<\/h2>\n\n\n\n<p>&nbsp;<\/p>\n\n\n\n<p>Chaque entreprise devrait donc trouver un avocat qui r\u00e9digerait cette clause afin de lui permettre de prot\u00e9ger son entreprise. De m\u00eame, le salari\u00e9 qui s\u2019appr\u00eate aussi \u00e0 signer son contrat peut faire appel \u00e0 un avocat, afin que ce dernier puisse v\u00e9rifier les termes de la clause de non concurrence, pour \u00e9viter toute surprise. Alors, que vous soyez une entreprise ou un entrepreneur, prenez d\u00e8s \u00e0 pr\u00e9sent vos pr\u00e9cautions en faisant appel \u00e0 un avocat. Ce dernier pourra vous accompagner pour la r\u00e9daction de tout type de documents l\u00e9gaux.<\/p>\n\n\n\n<p>&nbsp;<\/p>\n\n\n\n<p>Les informations mentionn\u00e9es sur cette page peuvent comporter des erreurs d&rsquo;informations, veuillez contacter directement un avocat pour vous faire guider dans vos d\u00e9marches.<\/p>\n","protected":false},"excerpt":{"rendered":"<p>Avocat pour r\u00e9daction de clause de non concurrence La clause de non concurrence est une possibilit\u00e9 offerte aux entreprises pour leur permettre de s\u00e9curiser leurs activit\u00e9s. Il peut aussi \u00eatre vu comme une limite aux possibilit\u00e9s de recherche d\u2019emploi apr\u00e8s la rupture du contrat de travail. Elle s\u2019applique aux contrats \u00e0 temps plein. D\u00e8s lors, [&hellip;]<\/p>\n","protected":false},"author":1,"featured_media":0,"parent":0,"menu_order":0,"comment_status":"open","ping_status":"open","template":"","meta":{"footnotes":""},"class_list":["post-199","page","type-page","status-publish","hentry"],"_links":{"self":[{"href":"https:\/\/www.avopro.ca\/avocat\/wp-json\/wp\/v2\/pages\/199"}],"collection":[{"href":"https:\/\/www.avopro.ca\/avocat\/wp-json\/wp\/v2\/pages"}],"about":[{"href":"https:\/\/www.avopro.ca\/avocat\/wp-json\/wp\/v2\/types\/page"}],"author":[{"embeddable":true,"href":"https:\/\/www.avopro.ca\/avocat\/wp-json\/wp\/v2\/users\/1"}],"replies":[{"embeddable":true,"href":"https:\/\/www.avopro.ca\/avocat\/wp-json\/wp\/v2\/comments?post=199"}],"version-history":[{"count":10,"href":"https:\/\/www.avopro.ca\/avocat\/wp-json\/wp\/v2\/pages\/199\/revisions"}],"predecessor-version":[{"id":780,"href":"https:\/\/www.avopro.ca\/avocat\/wp-json\/wp\/v2\/pages\/199\/revisions\/780"}],"wp:attachment":[{"href":"https:\/\/www.avopro.ca\/avocat\/wp-json\/wp\/v2\/media?parent=199"}],"curies":[{"name":"wp","href":"https:\/\/api.w.org\/{rel}","templated":true}]}}