{"id":181,"date":"2016-06-02T21:58:01","date_gmt":"2016-06-02T20:58:01","guid":{"rendered":"http:\/\/www.avopro.ca\/avocat\/?page_id=181"},"modified":"2024-10-18T15:51:17","modified_gmt":"2024-10-18T14:51:17","slug":"les-differents-services-dun-avocat-en-droit-bancaire","status":"publish","type":"page","link":"https:\/\/www.avopro.ca\/avocat\/les-differents-services-dun-avocat-en-droit-bancaire\/","title":{"rendered":"Les diff\u00e9rents services d&rsquo;un avocat en droit bancaire"},"content":{"rendered":"\n<h1 class=\"wp-block-heading\">Les diff\u00e9rents services d&rsquo;un avocat en droit bancaire<\/h1>\n\n\n\n<p>Les banques font de plus en plus recours au syst\u00e8me judiciaire. Les litiges sont tr\u00e8s r\u00e9currents entre la banque et ses clients. Un avocat en droit bancaire pourra vous assister sur plusieurs plans.<\/p>\n\n\n\n<p>&nbsp;<\/p>\n\n\n\n<p>&nbsp;<\/p>\n\n\n\n<figure class=\"wp-block-image\"><img decoding=\"async\" src=\"\/avocat\/wp-content\/uploads\/2016\/06\/droit-bancaire.jpg\" alt=\"droit bancaire\" title=\"droit bancaire\"\/><\/figure>\n\n\n\n<p><\/p>\n\n\n\n<p>&nbsp;<\/p>\n\n\n\n<p>&nbsp;<\/p>\n\n\n\n<h2 class=\"wp-block-heading\">Un avocat pour d\u00e9fendre le client face \u00e0 un litige<\/h2>\n\n\n\n<p>&nbsp;<\/p>\n\n\n\n<p>Le client peut se d\u00e9fendre contre sa banque dans plusieurs situations. C\u2019est le cas lors d\u2019une escroquerie bancaire, d\u2019une op\u00e9ration bancaire mal g\u00e9r\u00e9e. Certaines banques prennent souvent des commissions ou des frais excessifs. Lorsque vous faites face \u00e0 ce genre de situation, vous pouvez recourir \u00e0 un avocat sp\u00e9cialis\u00e9 en droit bancaire. Son r\u00f4le est de trouver des solutions amiables au probl\u00e8me entre un particulier ou une soci\u00e9t\u00e9 et une institution financi\u00e8re.<\/p>\n\n\n\n<p>&nbsp;<\/p>\n\n\n\n<h2 class=\"wp-block-heading\">Obligation de l\u2019avocat vis-\u00e0-vis de ses clients<\/h2>\n\n\n\n<p>&nbsp;<\/p>\n\n\n\n<p>L&rsquo;avocat est l\u00e0 pour conseiller un particulier lors de sa souscription \u00e0 un service bancaire. Il accompagne aussi les PME pour bien \u00e9tudier les termes du contrat de la banque avant de finaliser la proc\u00e9dure qui va lier les deux parties. En cas de contentieux, il doit conseiller la meilleure strat\u00e9gie \u00e0 son client. Par contre, lorsqu\u2019il est en pr\u00e9sence d\u2019un litige en rapport avec une soci\u00e9t\u00e9, il se concentrera vers une proc\u00e9dure de contestation pour obtenir r\u00e9paration des dommages subis par son client et caus\u00e9s par la banque.<\/p>\n\n\n\n<p>&nbsp;<\/p>\n\n\n\n<p>Les informations dans le site peuvent contenir des erreurs d&rsquo;informations, pour cette raison il est important de prendre contact avec un avocat.<\/p>\n\n\n\n<p>&nbsp;<\/p>\n","protected":false},"excerpt":{"rendered":"<p>Les diff\u00e9rents services d&rsquo;un avocat en droit bancaire Les banques font de plus en plus recours au syst\u00e8me judiciaire. Les litiges sont tr\u00e8s r\u00e9currents entre la banque et ses clients. Un avocat en droit bancaire pourra vous assister sur plusieurs plans. &nbsp; &nbsp; &nbsp; &nbsp; Un avocat pour d\u00e9fendre le client face \u00e0 un litige [&hellip;]<\/p>\n","protected":false},"author":1,"featured_media":0,"parent":0,"menu_order":0,"comment_status":"open","ping_status":"open","template":"","meta":{"footnotes":""},"class_list":["post-181","page","type-page","status-publish","hentry"],"_links":{"self":[{"href":"https:\/\/www.avopro.ca\/avocat\/wp-json\/wp\/v2\/pages\/181"}],"collection":[{"href":"https:\/\/www.avopro.ca\/avocat\/wp-json\/wp\/v2\/pages"}],"about":[{"href":"https:\/\/www.avopro.ca\/avocat\/wp-json\/wp\/v2\/types\/page"}],"author":[{"embeddable":true,"href":"https:\/\/www.avopro.ca\/avocat\/wp-json\/wp\/v2\/users\/1"}],"replies":[{"embeddable":true,"href":"https:\/\/www.avopro.ca\/avocat\/wp-json\/wp\/v2\/comments?post=181"}],"version-history":[{"count":6,"href":"https:\/\/www.avopro.ca\/avocat\/wp-json\/wp\/v2\/pages\/181\/revisions"}],"predecessor-version":[{"id":801,"href":"https:\/\/www.avopro.ca\/avocat\/wp-json\/wp\/v2\/pages\/181\/revisions\/801"}],"wp:attachment":[{"href":"https:\/\/www.avopro.ca\/avocat\/wp-json\/wp\/v2\/media?parent=181"}],"curies":[{"name":"wp","href":"https:\/\/api.w.org\/{rel}","templated":true}]}}